{"id":6038,"date":"2026-04-09T08:19:57","date_gmt":"2026-04-09T08:19:57","guid":{"rendered":"https:\/\/laseregravyr.hemsida.eu\/?post_type=product&#038;p=6038"},"modified":"2026-04-10T07:44:15","modified_gmt":"2026-04-10T07:44:15","slug":"smart-tag-2","status":"publish","type":"product","link":"https:\/\/laseregravyr.hemsida.eu\/index.php\/product\/smart-tag-2\/","title":{"rendered":"Smart Tag"},"content":{"rendered":"<p data-start=\"0\" data-end=\"54\"><strong data-start=\"0\" data-end=\"54\">Smart Tag \u2013 smidig sp\u00e5rning f\u00f6r nycklar och v\u00e4skor<\/strong><\/p>\n<p data-start=\"56\" data-end=\"281\">Denna smarta sp\u00e5rningsenhet hj\u00e4lper dig att enkelt h\u00e5lla koll p\u00e5 dina viktigaste tillh\u00f6righeter. Den \u00e4r kompatibel med b\u00e5de Apple \u201cFind My\u201d och Android, vilket ger en smidig och s\u00f6ml\u00f6s integration med ditt smartphone-n\u00e4tverk.<\/p>\n<p data-start=\"283\" data-end=\"441\">Den stilrena, runda designen i vitt g\u00f6r den b\u00e5de diskret och modern. Perfekt att f\u00e4sta p\u00e5 nycklar eller ryggs\u00e4ckar, s\u00e5 att du alltid vet var dina saker finns.<\/p>\n<p data-start=\"443\" data-end=\"541\">Medf\u00f6ljande nyckelring och silikonfodral g\u00f6r den enkel att anv\u00e4nda och ger extra skydd i vardagen.<\/p>\n<p data-start=\"543\" data-end=\"558\"><strong data-start=\"543\" data-end=\"558\">Egenskaper:<\/strong><\/p>\n<ul data-start=\"559\" data-end=\"803\" data-is-last-node=\"\" data-is-only-node=\"\">\n<li data-section-id=\"1hycdrh\" data-start=\"559\" data-end=\"605\">Kompatibel med Apple \u201cFind My\u201d och Android<\/li>\n<li data-section-id=\"1xda0cb\" data-start=\"606\" data-end=\"651\">Smidig integration med smartphone-n\u00e4tverk<\/li>\n<li data-section-id=\"1pivwza\" data-start=\"652\" data-end=\"683\">Stilren, rund design i vitt<\/li>\n<li data-section-id=\"1p6t8j6\" data-start=\"684\" data-end=\"722\">Perfekt f\u00f6r nycklar och ryggs\u00e4ckar<\/li>\n<li data-section-id=\"17con8a\" data-start=\"723\" data-end=\"766\">Inkluderar nyckelring och silikonfodral<\/li>\n<li data-section-id=\"3ikq81\" data-start=\"767\" data-end=\"803\" data-is-last-node=\"\">Kompakt, l\u00e4tt och h\u00e5llbar design**<\/li>\n<\/ul>\n","protected":false},"excerpt":{"rendered":"<p>Smart Tag \u2013 smidig sp\u00e5rning f\u00f6r nycklar och v\u00e4skor Denna smarta sp\u00e5rningsenhet hj\u00e4lper dig att enkelt h\u00e5lla koll p\u00e5 dina [&hellip;]<\/p>\n","protected":false},"featured_media":6043,"comment_status":"open","ping_status":"closed","template":"","meta":{"_acf_changed":false},"product_brand":[],"product_cat":[43],"product_tag":[],"class_list":{"0":"post-6038","1":"product","2":"type-product","3":"status-publish","4":"has-post-thumbnail","6":"product_cat-mobiltillbehor","8":"first","9":"instock","10":"shipping-taxable","11":"product-type-variable"},"acf":[],"tiered_pricing_type":"fixed","tiered_pricing_fixed_rules":[],"tiered_pricing_product_settings":{"layout":"default","base_unit_name":{"singular":null,"plural":null},"default_variation":null},"tiered_pricing_minimum_quantity":null,"tiered_pricing_roles_data":[],"tiered_pricing_percentage_rules":[],"_links":{"self":[{"href":"https:\/\/laseregravyr.hemsida.eu\/index.php\/wp-json\/wp\/v2\/product\/6038","targetHints":{"allow":["GET"]}}],"collection":[{"href":"https:\/\/laseregravyr.hemsida.eu\/index.php\/wp-json\/wp\/v2\/product"}],"about":[{"href":"https:\/\/laseregravyr.hemsida.eu\/index.php\/wp-json\/wp\/v2\/types\/product"}],"replies":[{"embeddable":true,"href":"https:\/\/laseregravyr.hemsida.eu\/index.php\/wp-json\/wp\/v2\/comments?post=6038"}],"wp:featuredmedia":[{"embeddable":true,"href":"https:\/\/laseregravyr.hemsida.eu\/index.php\/wp-json\/wp\/v2\/media\/6043"}],"wp:attachment":[{"href":"https:\/\/laseregravyr.hemsida.eu\/index.php\/wp-json\/wp\/v2\/media?parent=6038"}],"wp:term":[{"taxonomy":"product_brand","embeddable":true,"href":"https:\/\/laseregravyr.hemsida.eu\/index.php\/wp-json\/wp\/v2\/product_brand?post=6038"},{"taxonomy":"product_cat","embeddable":true,"href":"https:\/\/laseregravyr.hemsida.eu\/index.php\/wp-json\/wp\/v2\/product_cat?post=6038"},{"taxonomy":"product_tag","embeddable":true,"href":"https:\/\/laseregravyr.hemsida.eu\/index.php\/wp-json\/wp\/v2\/product_tag?post=6038"}],"curies":[{"name":"wp","href":"https:\/\/api.w.org\/{rel}","templated":true}]}}