{"id":5731,"date":"2026-03-31T05:56:48","date_gmt":"2026-03-31T05:56:48","guid":{"rendered":"https:\/\/laseregravyr.hemsida.eu\/?post_type=product&#038;p=5731"},"modified":"2026-04-14T09:58:41","modified_gmt":"2026-04-14T09:58:41","slug":"termosmugg-360-350ml","status":"publish","type":"product","link":"https:\/\/laseregravyr.hemsida.eu\/index.php\/product\/termosmugg-360-350ml\/","title":{"rendered":"Termosmugg 360, 350ml"},"content":{"rendered":"<p data-start=\"54\" data-end=\"101\"><strong data-start=\"54\" data-end=\"99\">Njut av perfekt temperatur \u2013 var du \u00e4n \u00e4r<\/strong><\/p>\n<p data-start=\"103\" data-end=\"272\">Denna termosmugg kombinerar stilren design med \u00f6verl\u00e4gsen prestanda. Tack vare den smarta 360\u00b0-\u00f6ppningen dricker du enkelt fr\u00e5n alla vinklar, utan spill eller kr\u00e5ngel.Den dubbelv\u00e4ggiga, vakuumisolerade konstruktionen h\u00e5ller din dryck varm l\u00e4nge \u2013 eller iskallt sval n\u00e4r du beh\u00f6ver det. Perfekt f\u00f6r b\u00e5de morgonkaffet och uppfriskande kalla drycker under dagen. Muggen rymmer upp till 350ml.<\/p>\n","protected":false},"excerpt":{"rendered":"<p>Njut av perfekt temperatur \u2013 var du \u00e4n \u00e4r Denna termosmugg kombinerar stilren design med \u00f6verl\u00e4gsen prestanda. Tack vare den [&hellip;]<\/p>\n","protected":false},"featured_media":5732,"comment_status":"open","ping_status":"closed","template":"","meta":{"_acf_changed":false},"product_brand":[],"product_cat":[17,130],"product_tag":[67],"class_list":{"0":"post-5731","1":"product","2":"type-product","3":"status-publish","4":"has-post-thumbnail","6":"product_cat-thermosmuggar","7":"product_cat-24h-leverans","8":"product_tag-48h","10":"first","11":"instock","12":"shipping-taxable","13":"purchasable","14":"product-type-simple"},"acf":[],"tiered_pricing_type":"fixed","tiered_pricing_fixed_rules":{"20":154,"50":128,"100":122,"250":115,"500":111},"tiered_pricing_product_settings":{"layout":"default","base_unit_name":{"singular":null,"plural":null},"default_variation":null},"tiered_pricing_minimum_quantity":null,"tiered_pricing_roles_data":[],"tiered_pricing_percentage_rules":[],"_links":{"self":[{"href":"https:\/\/laseregravyr.hemsida.eu\/index.php\/wp-json\/wp\/v2\/product\/5731","targetHints":{"allow":["GET"]}}],"collection":[{"href":"https:\/\/laseregravyr.hemsida.eu\/index.php\/wp-json\/wp\/v2\/product"}],"about":[{"href":"https:\/\/laseregravyr.hemsida.eu\/index.php\/wp-json\/wp\/v2\/types\/product"}],"replies":[{"embeddable":true,"href":"https:\/\/laseregravyr.hemsida.eu\/index.php\/wp-json\/wp\/v2\/comments?post=5731"}],"wp:featuredmedia":[{"embeddable":true,"href":"https:\/\/laseregravyr.hemsida.eu\/index.php\/wp-json\/wp\/v2\/media\/5732"}],"wp:attachment":[{"href":"https:\/\/laseregravyr.hemsida.eu\/index.php\/wp-json\/wp\/v2\/media?parent=5731"}],"wp:term":[{"taxonomy":"product_brand","embeddable":true,"href":"https:\/\/laseregravyr.hemsida.eu\/index.php\/wp-json\/wp\/v2\/product_brand?post=5731"},{"taxonomy":"product_cat","embeddable":true,"href":"https:\/\/laseregravyr.hemsida.eu\/index.php\/wp-json\/wp\/v2\/product_cat?post=5731"},{"taxonomy":"product_tag","embeddable":true,"href":"https:\/\/laseregravyr.hemsida.eu\/index.php\/wp-json\/wp\/v2\/product_tag?post=5731"}],"curies":[{"name":"wp","href":"https:\/\/api.w.org\/{rel}","templated":true}]}}