{"id":5695,"date":"2026-03-26T09:01:45","date_gmt":"2026-03-26T09:01:45","guid":{"rendered":"https:\/\/laseregravyr.hemsida.eu\/index.php\/product\/airtag-bagagetag\/"},"modified":"2026-03-31T12:46:49","modified_gmt":"2026-03-31T12:46:49","slug":"airtag-bagagetag","status":"publish","type":"product","link":"https:\/\/laseregravyr.hemsida.eu\/index.php\/product\/airtag-bagagetag\/","title":{"rendered":"AirTag\/Bagagetag"},"content":{"rendered":"<p>Bagagetag tillverkad av PU. Den har en rem som kan f\u00e4stas i resv\u00e4skan. Med Apple Find My och Android Find Hub f\u00f6r Android-system, anti-f\u00f6rlustfunktion. Genom att aktivera s\u00f6kl\u00e4get p\u00e5 de enheter som \u00e4r l\u00e4nkade i appen g\u00e5r det att identifiera platsen f\u00f6r de associerade objekten. Knappbatteri ing\u00e5r.<\/p>\n","protected":false},"excerpt":{"rendered":"<p>AirTag\/Bagagetag<\/p>\n","protected":false},"featured_media":5822,"comment_status":"closed","ping_status":"closed","template":"","meta":{"_acf_changed":false},"product_brand":[],"product_cat":[43],"product_tag":[],"class_list":{"0":"post-5695","1":"product","2":"type-product","3":"status-publish","4":"has-post-thumbnail","6":"product_cat-mobiltillbehor","8":"first","9":"instock","10":"shipping-taxable","11":"purchasable","12":"product-type-simple"},"acf":[],"tiered_pricing_type":"fixed","tiered_pricing_fixed_rules":{"20":423,"50":353,"100":336,"250":317,"500":306},"tiered_pricing_product_settings":{"layout":"default","base_unit_name":{"singular":null,"plural":null},"default_variation":null},"tiered_pricing_minimum_quantity":null,"tiered_pricing_roles_data":[],"tiered_pricing_percentage_rules":[],"_links":{"self":[{"href":"https:\/\/laseregravyr.hemsida.eu\/index.php\/wp-json\/wp\/v2\/product\/5695","targetHints":{"allow":["GET"]}}],"collection":[{"href":"https:\/\/laseregravyr.hemsida.eu\/index.php\/wp-json\/wp\/v2\/product"}],"about":[{"href":"https:\/\/laseregravyr.hemsida.eu\/index.php\/wp-json\/wp\/v2\/types\/product"}],"replies":[{"embeddable":true,"href":"https:\/\/laseregravyr.hemsida.eu\/index.php\/wp-json\/wp\/v2\/comments?post=5695"}],"wp:featuredmedia":[{"embeddable":true,"href":"https:\/\/laseregravyr.hemsida.eu\/index.php\/wp-json\/wp\/v2\/media\/5822"}],"wp:attachment":[{"href":"https:\/\/laseregravyr.hemsida.eu\/index.php\/wp-json\/wp\/v2\/media?parent=5695"}],"wp:term":[{"taxonomy":"product_brand","embeddable":true,"href":"https:\/\/laseregravyr.hemsida.eu\/index.php\/wp-json\/wp\/v2\/product_brand?post=5695"},{"taxonomy":"product_cat","embeddable":true,"href":"https:\/\/laseregravyr.hemsida.eu\/index.php\/wp-json\/wp\/v2\/product_cat?post=5695"},{"taxonomy":"product_tag","embeddable":true,"href":"https:\/\/laseregravyr.hemsida.eu\/index.php\/wp-json\/wp\/v2\/product_tag?post=5695"}],"curies":[{"name":"wp","href":"https:\/\/api.w.org\/{rel}","templated":true}]}}